-9?
3
(6 - ((-4 - -1) + 4)) + 1
6
What is the value of (-6 - -1) + (2 - -4)?
1
Evaluate 7 + (9 - -3) - 11.
8
-2 - 2 - (-1 - -4 - 4)
-3
What is 9 + -14 - (-2 - -4)?
-7
-6 - (0 + (-2 - -1) + -4)
-1
Calculate 5 + -13 - (-15 + 4 - -2).
1
Calculate -4 + 4 + 2 + 3.
5
What is (-9 - 7) + 14 + 8?
6
What is the value of 19 + (-1 - (0 + 8))?
10
Calculate 2 + (6 - 8) + 0 - 4.
-4
9 + -1 - (10 - (10 - 3))
5
What is the value of 3 + -6 + -2 + 3?
-2
What is the value of (1 - -5) + (28 - 37)?
-3
0 - (6 - (6 - (1 + -3)))
2
What is the value of 5 - (11 - (12 - 4)) - -1?
3
Calculate 112 + -119 - (1 + -13).
5
1 - 0 - (47 + -46)
0
Evaluate 8 + (-4 + -7 - -4).
1
(5 - -1) + -6 - 5
-5
What is -5 - (-6 + 3) - (-2 - 0)?
0
What is -6 + 8 - -4 - 11?
-5
Calculate (-6 - (-9 + -2)) + -4.
1
What is 2 + (8 - (8 - 4)) + -3?
3
(4 - -1) + (1 - (3 - 4))
7
What is the value of (1 - -4) + 0 + (0 - 4)?
1
(-2 - (4 + -8)) + -3
-1
What is the value of 1 + 4 - (9 - -2)?
-6
0 - -6 - (61 - 54)
-1
Evaluate -1 - (-4 + 7 + 1 + 0).
-5
Calculate 4 - (-2 + 11 + -7).
2
What is the value of -4 + (-3 + -1 - -5)?
-3
Evaluate 2 - (-1 - (0 + -3 + 2)).
2
Calculate 11 - ((-1 + 4 - 7) + 9).
6
Calculate -4 + -14 - (-18 + (19 - 8)).
-11
What is 4 + 1 + 0 - 4?
1
Calculate 10 + (-14 - -8) + (2 - 0).
6
What is -4 + (-1 - 2) + 13?
6
1 + 8 - (-8 + 19)
-2
Evaluate (17 - (19 - -2)) + (1 - -8).
5
Evaluate (3 - (1 + -6) - 6) + 4.
6
(-70 - -69) + 2 + -7
-6
Calculate 2 - ((1 - 4) + 11).
-6
What is -3 + (-2 - (-5 + 4))?
-4
Calculate (-7 - -8) + (0 - 2).
-1
Evaluate (-3 - -4) + (5 - 2 - 4).
0
What is the value of 3 - 0 - ((6 - 1) + -6)?
4
3 + -9 + 1 + 5 - 0
0
What is -3 + (0 - -5) + -2 + 0?
0
2 + (5 - (2 - -7))
-2
Calculate -6 + 10 + -7 + 1 - 7.
-9
What is the value of (9 - (-2 - -1)) + -3 + -10?
-3
Calculate (1 - 3) + 3 - 4.
-3
What is 4 - (-5 + (1 - (1 + -4)))?
5
(3 - 2) + -3 + 4 - 0
2
What is (-13 - (-3 - 3)) + 2 + 0?
-5
Calculate -11 + 16 + -6 + (-1 - 2).
-4
Evaluate 1 + -1 + 1 - (4 + 2).
-5
Evaluate (-6 - -10) + 2 + -1.
5
What is the value of (2 - -2) + 9 + -12?
1
Calculate (-9 - (4 + -2) - -2) + 4.
-5
Evaluate 1 + 0 + (-5 - -1).
-3
Calculate 1 + (7 + -3 - 7) + -1.
-3
What is 37 + -41 + 1 + -2 + 1?
-4
Evaluate (-5 + -2 - (-43 + 24)) + -6.
6
What is the value of -3 - (-2 - (5 + -4)) - 4?
-4
What is 5 - (-6 + (20 - 9))?
0
What is 5 - 1 - (63 - 62)?
3
Calculate 2 - 7 - (-1 + 10 - 9).
-5
Evaluate 5 - (1 + 3) - -2.
3
Calculate 6 + (-4 - 11) + 7 + 0.
-2
2 + (2 + (-5 - -2) - -1)
2
What is 0 + -4 - ((-2 - 2) + 2)?
-2
2 - (-4 - (-5 - 5))
-4
Calculate -2 + 2 + 3 - (-3 + 1).
5
-6 + 0 + -6 + 10
-2
What is 2 - -2 - 4 - 0?
0
What is the value of (-3 - -2) + -2 + 9 + -3?
3
What is the value of (15 - 26 - -4) + (14 - 0)?
7
Calculate (-2 - (-2 - 0)) + -4.
-4
What is 4 + 2 + -11 + 10 + 5?
10
What is -5 + 11 + -4 + -8?
-6
6 + (2 - 3 - 6)
-1
What is 1 + -1 + 8 + -8?
0
2 + 0 + -6 + (-10 - -11)
-3
What is (-6 - (-2 + 8 + -18)) + 2?
8
-1 - (5 - (-6 + 12)) - 3
-3
Calculate 4 + (-5 - (-12 + 5)) + 4.
10
Evaluate 7 + (-9 - 0) - -5.
3
Evaluate (3 - 14) + (-3 - -13).
-1
Calculate -3 - ((-2 - 3) + 1).
1
Evaluate (4 - 2) + (27 - 22).
7
What is (-3 + 5 + -4 - 2) + -1?
-5
Calculate -12 + -3 + 11 - 6.
-10
Calculate (3 - (0 + 0)) + 6.
9
What is (-3 - (-8 + 5) - -3) + -5?
-2
Evaluate (-1 + -6 - 0) + 3.
-4
What is (-3 - 1) + (3 - (4 + -4))?
-1
Evaluate -1 + 1 + 11 + -8.
3
What is the value of (-5 - -10) + -2 + -8?
-5
Calculate -19 + 19 - (3 + -3 + 5).
-5
What is the value of 3 + -2 + -4 - -4?
1
What is the value of 8 + -4 + -3 - -3?
4
Calculate -3 + (6 - (-3 - 0)).
6
4 + -3 - (-1 + (4 - -2))
-4
What is the value of 1 - (11 + -2 + 8 + -12)?
-4
(1 - (5 - -4)) + -1 + 4
-5
Evaluate 3 + (4 - 4) - 3.
0
Calculate (-2 - (0 + 0)) + 146 + -147.
-3
Calculate 5 - (7 + (7 - 21)) - 8.
4
-9 + -10 + 11 - -11
3
Calculate 25 + (2 - 11) + -10.
6
Evaluate -11 + 9 + -2 + -2 + 7.
1
What is (5 - (-6 + 3 + 5)) + -2?
1
What is the value of 0 + -9 + (132 - 122)?
1
Evaluate 8 + -10 + 6 - (1 - -6).
-3
Evaluate 1 + -1 + (6 - 4) + 3.
5
What is the value of (10 - 2 - (11 + -4)) + 4?
5
What is 5 - (1 - (-4 - -1)) - -3?
4
Calculate 2 - 0 - ((-14 - -6) + 5).
5
What is (7 - 1) + 1 + 2 + -6?
3
What is 6 + -6 - ((-3 - 3) + 1)?
5
Evaluate -6 - (4 + -3 + -2).
-5
What is 9 - (0 - 2 - (2 + -8))?
5
Evaluate (-3 - -14) + (1 - 0) - 6.
6
Calculate (-2 - -32 - 14) + -10.
6
10 + -6 + -8 - (-2 + 1)
-3
What is the value of 5 + (-7 - 1 - -4)?
1
-2 + 1 + 0 + (-3 - -1)
-3
What is 2 - (13 - (21 + -4))?
6
Evaluate 24 + -23 - (1 + (-7 - 0)).
7
Calculate (3 - -3) + -7 + 1.
0
What is the value of -1 + 1 - (-22 + 17)?
5
(-18 - -23 - (7 + 1)) + 1
-2
What is the value of (-11 + 4 - -4) + 6?
3
What is the value of -8 - (-2 + (1 - -1) + -3)?
-5
What is the value of (-7 - 0) + (-4 - (-6 + 0))?
-5
Evaluate -5 - (-1 - -4 - 1).
-7
Calculate -6 + 0 + (-9 - (-15 + 1)).
-1
3 + -17 - -7 - -7
0
Calculate -1 - 1 - (-7 + 5 - 0).
0
What is the value of -1 + -3 + 1 - (-3 + 2)?
-2
Calculate 11 - (2 - (3 + -12)).
0
Evaluate 4 - 0 - (16 + -2 - 19).
9
Evaluate 2 + 1 + -4 + -1.
-2
What is -1 - (-4 + 3 + 2)?
-2
-9 + (-4 - -13 - (-2 - -7))
-5
What is the value of (7 - 2) + (0 - 9)?
-4
What is the value of -1 + -2 + -5 + 7?
-1
What is the value of 10 + (-2 + 0 - 1)?
7
Calculate -4 - (-4 + 5 - 14).
9
What is the value of -3 + 11 + -5 + -9 - 1?
-7
-22 + (18 + -7 - -1)
-10
Calculate -6 - (9 + -16 - 0).
1
Evaluate -2 - (8 + -21 + 14).
-3
(1 - (3 + 0)) + -3
-5
Evaluate -397 + 390 + -1 + 1 + 9.
2
What is the value of 4 - (0 - 1 - (7 + -14))?
-2
Calculate (21 - -1) + -8 - 8.
6
0 + 1 + -4 + 420 + -412
5
What is the value of -7 + 2 + (-19 - -31)?
7
What is -3 - ((-3 - -3) + 0)?
-3
-4 + -2 + -3 - -5
-4
Calculate -6 + 12 + -3 + (-1 - 4).
-2
(-7 - (6 + -11)) + (-16 - -8)
-10
What is (1 + 0 - (-1 - 1)) + 0?
3
Evaluate 0 + (-1 - (0 - -3)).
-4
What is the value of -2 + -7 + 2 - -2?
-5
Evaluate 9 + (-8 - (0 + 0)) + -2.
-1
What is the value of (11 - (1 - -2)) + -3?
5
What is (10 - 6) + 1 + -3?
2
What is the value of -2 + -1 + 1 + 1?
-1
What is the value of -2 - (2 - -2) - -3?
-3
-4 + 4 + (3 - (-4 + 3))
4
Evaluate -6 - (0 + 3) - -10.
1
2 - 1 - (-22 - -14) - 4
5
What is the value of (4 - (-4 - (-5 + -1))) + -1?
1
-4 + -1 - (-15 - (-23 + 14))
1
Calculate -1 + 7 + -10 + 7 + 4.
7
What is the value of 6 - (3 - 9 - -8)?
4
What is -4 + 0 - (-3 + 1 + 3)?
-5
Evaluate -9 + (-13 - -4 - -6 - -8).
-4
0 - -5 - (3 - -3)
-1
What is -1 + ((1 - 2) + -1 - 1)?
-4
Evaluate (2 + 1 - (-75 - -70)) + -6.
2
What is 5 + (-2 - -3) + -4?
2
What is the value of -7 - 0 - (-26 - -28)?
-9
-8 - -9 - ((2 - 1) + 3)
-3
What is the value of 1 - (-2 + -5) - (-8 - -12)?
4
What is the value of 7 + -2 + (4 - 16)?
-7
Evaluate 4 + (4 - 8 - -5) - 3.
2
Calculate -6 + 9 - (0 + -2 - 0).
5
-2 + -3 + (-1 - -4) + 4
2
What is the value of 12 + -2 - (-1 - -3 - -3)?
5
What is -5 - (3 - (-5 - (-14 - 1)))?
2
Calculate -6 + (-12 - -15) + -4.
-7
-8 - (-10 + 1) - (-3 - -8)
-4
Evaluate -3 + (-5 - (-8 - 0)).
0
What is -10 - (5 + -5 + -7)?
-3
What is the value of 4 + -12 + (3 - 6) - -2?
-9
-8 + -4 + 10 + 7
5
-3 + (5 - (-8 - (-6 + 1)))
5
4 + -2 + (12 - 18)
-4
Evaluate (0 - -1) + -2 + (-34 - -37).
2
What is the value of 8 + (4 - 8) - (-2 + 1)?
5
Calculate (-7 - (4 - (4 + 4))) + 3.
0
What is the value of 0 - ((12 - 4) + -4 - 1)?
-3
Evaluate -12 - -5 - ((-9 - -8) + -12).
6
What is the value of -5 + 4 - (-1 - 3)?
3
Calculate 4 - 8 - (-2 - -1).
-3
What is 1 - 1 - 0 - (-1 - 4)?
5
What is the value of -15 + 23 + -7 - (0 - 6)?
7
Evaluate (-15 - (-5 - 4)) + 10 + 1.
5
Evaluate -1 + -1 + 6 - (4 + 0).
0
Evaluate 5 - (-4 - (-20 - (0 - 5))).
-6
Evaluate (-10 - -4) + 14 + -1.
7
5 - (8 - 10) - 13
-6
Calculate (-7 - -5) + 2 + (-2 - 2).
-4
2 - (16 + -14 + 2 + 1)
-3
What is (18 - 14) + (3 - 7)?
0
What is (7 - (-10 - -24)) + 4 + -1?
-4
What is -13 - -3 - (-7 + 2)?
-5
What is (4 - -1) + (24 - 25)?
4
9 + -1 + (-151 - -144)
1
Evaluate -1 + (0 + -4 - -3).
-2
-1 + 1 + (2 - 1)
1
-4 + (3 - 5) + 3 - -3
0
Evaluate -2 - ((8 - -3) + -9).
-4
1 + (3 - 1 - 4) + 1
0
1 + 4 + -6 - 5
-6
What is the value of -4 - ((2 + 0 - -1) + -3)?
-4
Evaluate (2 - (-2 - -4)) + -1.
-1
What is the value of -3 + 1 + (10 + -2 - 2)?
4
What is (-5 - -8) + 0 + -5?
-2
What is -6 - (-3 + -6 + -2)?
5
What is -3 + 2 - 2 - (-4 + 1)?
0
-2 - -3 - (18 + -17)
0
What is the 